ts digit of 6052693?
3
What is the units digit of 860918?
8
What is the thousands digit of 151860?
1
What is the hundreds digit of 14589872?
8
What is the thousands digit of 2091684?
1
What is the hundred thousands digit of 485520?
4
What is the thousands digit of 1145795?
5
What is the thousands digit of 934838?
4
What is the thousands digit of 504846?
4
What is the tens digit of 96729?
2
What is the millions digit of 34782872?
4
What is the thousands digit of 4304918?
4
What is the units digit of 5417762?
2
What is the hundreds digit of 11614?
6
What is the hundred thousands digit of 105083?
1
What is the thousands digit of 1685292?
5
What is the ten thousands digit of 1230441?
3
What is the ten thousands digit of 269140?
6
What is the thousands digit of 5533?
5
What is the ten thousands digit of 231157?
3
What is the tens digit of 48173?
7
What is the hundred thousands digit of 168008?
1
What is the hundred thousands digit of 425541?
4
What is the ten thousands digit of 21627914?
2
What is the millions digit of 1955152?
1
What is the units digit of 4619020?
0
What is the millions digit of 3807172?
3
What is the hundreds digit of 137801?
8
What is the hundred thousands digit of 4547613?
5
What is the ten thousands digit of 1393261?
9
What is the ten thousands digit of 28870638?
7
What is the thousands digit of 1774192?
4
What is the units digit of 57645?
5
What is the hundred thousands digit of 394700?
3
What is the ten thousands digit of 24582928?
8
What is the tens digit of 669506?
0
What is the ten thousands digit of 22581571?
8
What is the tens digit of 12239806?
0
What is the hundred thousands digit of 1087465?
0
What is the hundred thousands digit of 377226?
3
What is the units digit of 2160618?
8
What is the hundreds digit of 829141?
1
What is the units digit of 1966592?
2
What is the units digit of 16820350?
0
What is the tens digit of 398324?
2
What is the hundred thousands digit of 970207?
9
What is the tens digit of 476800?
0
What is the hundred thousands digit of 35880525?
8
What is the units digit of 9867237?
7
What is the hundred thousands digit of 1857478?
8
What is the hundred thousands digit of 3732740?
7
What is the ten thousands digit of 89632?
8
What is the tens digit of 1791750?
5
What is the hundreds digit of 470773?
7
What is the tens digit of 1239929?
2
What is the hundred thousands digit of 28100272?
1
What is the tens digit of 1671542?
4
What is the hundred thousands digit of 40581363?
5
What is the hundreds digit of 1117340?
3
What is the thousands digit of 609081?
9
What is the tens digit of 1400383?
8
What is the units digit of 1148412?
2
What is the tens digit of 13090541?
4
What is the units digit of 144533?
3
What is the tens digit of 42237?
3
What is the units digit of 38699?
9
What is the hundred thousands digit of 8082552?
0
What is the tens digit of 5860053?
5
What is the hundreds digit of 1278956?
9
What is the thousands digit of 9178023?
8
What is the tens digit of 368061?
6
What is the ten thousands digit of 162207?
6
What is the tens digit of 3221481?
8
What is the thousands digit of 849620?
9
What is the millions digit of 9102055?
9
What is the tens digit of 1090793?
9
What is the hundreds digit of 2503931?
9
What is the hundred thousands digit of 3042293?
0
What is the ten thousands digit of 8806837?
0
What is the units digit of 506499?
9
What is the hundreds digit of 1107168?
1
What is the ten thousands digit of 3247800?
4
What is the hundreds digit of 751168?
1
What is the thousands digit of 4033146?
3
What is the hundreds digit of 304328?
3
What is the ten thousands digit of 507243?
0
What is the hundred thousands digit of 27774143?
7
What is the units digit of 38681732?
2
What is the units digit of 24580000?
0
What is the tens digit of 427100?
0
What is the hundreds digit of 813498?
4
What is the tens digit of 7486225?
2
What is the millions digit of 16463301?
6
What is the thousands digit of 151171?
1
What is the units digit of 2069206?
6
What is the ten thousands digit of 30756435?
5
What is the tens digit of 942?
4
What is the millions digit of 7599538?
7
What is the units digit of 557114?
4
What is the hundred thousands digit of 1928291?
9
What is the thousands digit of 25726?
5
What is the millions digit of 6964156?
6
What is the units digit of 630439?
9
What is the units digit of 793568?
8
What is the ten thousands digit of 1396727?
9
What is the thousands digit of 8355691?
5
What is the hundreds digit of 490583?
5
What is the thousands digit of 160959?
0
What is the hundreds digit of 224678?
6
What is the hundred thousands digit of 851630?
8
What is the ten thousands digit of 426352?
2
What is the ten thousands digit of 19376?
1
What is the ten thousands digit of 68443?
6
What is the tens digit of 102537?
3
What is the millions digit of 4936828?
4
What is the hundred thousands digit of 687128?
6
What is the tens digit of 115094?
9
What is the ten thousands digit of 11457293?
5
What is the ten thousands digit of 29877109?
7
What is the ten thousands digit of 3970526?
7
What is the hundreds digit of 1322513?
5
What is the units digit of 3980482?
2
What is the hundred thousands digit of 7533103?
5
What is the units digit of 4368483?
3
What is the tens digit of 485387?
8
What is the millions digit of 1897078?
1
What is the ten millions digit of 14482787?
1
What is the ten thousands digit of 1465081?
6
What is the tens digit of 253466?
6
What is the ten thousands digit of 1068894?
6
What is the ten thousands digit of 1135622?
3
What is the hundred thousands digit of 148498?
1
What is the units digit of 5440645?
5
What is the ten thousands digit of 553396?
5
What is the millions digit of 15381080?
5
What is the thousands digit of 8134115?
4
What is the thousands digit of 6251139?
1
What is the hundred thousands digit of 27795523?
7
What is the units digit of 586822?
2
What is the units digit of 3789697?
7
What is the thousands digit of 20032?
0
What is the hundred thousands digit of 444782?
4
What is the hundreds digit of 3704550?
5
What is the thousands digit of 508805?
8
What is the tens digit of 131017?
1
What is the hundreds digit of 11340?
3
What is the ten thousands digit of 33567?
3
What is the units digit of 1909994?
4
What is the thousands digit of 3575350?
5
What is the thousands digit of 8181?
8
What is the ten thousands digit of 471855?
7
What is the thousands digit of 1534507?
4
What is the millions digit of 18982692?
8
What is the ten thousands digit of 818624?
1
What is the units digit of 34774?
4
What is the ten thousands digit of 478374?
7
What is the millions digit of 2719002?
2
What is the ten thousands digit of 181310?
8
What is the hundreds digit of 62789?
7
What is the hundreds digit of 7053665?
6
What is the tens digit of 374353?
5
What is the ten thousands digit of 1312644?
1
What is the units digit of 7823487?
7
What is the ten thousands digit of 3133338?
3
What is the units digit of 276299?
9
What is the hundreds digit of 3361631?
6
What is the ten thousands digit of 16233427?
3
What is the units digit of 825378?
8
What is the hundred thousands digit of 1212492?
2
What is the hundred thousands digit of 911019?
9
What is the ten millions digit of 15758536?
1
What is the ten millions digit of 11746771?
1
What is the thousands digit of 879915?
9
What is the hundreds digit of 1752947?
9
What is the hundred thousands digit of 5748948?
7
What is the hundreds digit of 2063138?
1
What is the ten thousands digit of 225250?
2
What is the ten thousands digit of 3952330?
5
What is the tens digit of 39289313?
1
What is the hundred thousands digit of 3450156?
4
What is the thousands digit of 2119277?
9
What is the units digit of 412030?
0
What is the hundreds digit of 1454757?
7
What is the hundred thousands digit of 11880430?
8
What is the ten thousands digit of 12170977?
7
What is the units digit of 31840?
0
What is the hundred thousands digit of 5234125?
2
What is the ten thousands digit of 104332?
0
What is the tens digit of 268942?
4
What is the hundreds digit of 216068?
0
What is the hundred thousands digit of 15733957?
7
What is the hundreds digit of 3790938?
9
What is the hundred thousands digit of 592021?
5
What is the units digit of 7873864?
4
What is the ten thousands